{"id":658,"date":"2023-11-13T16:31:50","date_gmt":"2023-11-13T15:31:50","guid":{"rendered":"https:\/\/www.cheques-cadeaux-vendee-bocage.fr\/?page_id=658"},"modified":"2025-01-10T12:19:24","modified_gmt":"2025-01-10T11:19:24","slug":"ils-nous-font-confiance","status":"publish","type":"page","link":"https:\/\/www.cheques-cadeaux-vendee-bocage.fr\/index.php\/ils-nous-font-confiance\/","title":{"rendered":"Ils nous font confiance&#8230;"},"content":{"rendered":"\n<figure class=\"wp-block-image alignfull size-large\"><img loading=\"lazy\" decoding=\"async\" width=\"1024\" height=\"395\" src=\"https:\/\/www.cheques-cadeaux-vendee-bocage.fr\/wp-content\/uploads\/2023\/10\/TETIERE-GENERALE-1-1024x395.png\" alt=\"\" class=\"wp-image-291\" srcset=\"https:\/\/www.cheques-cadeaux-vendee-bocage.fr\/wp-content\/uploads\/2023\/10\/TETIERE-GENERALE-1-1024x395.png 1024w, https:\/\/www.cheques-cadeaux-vendee-bocage.fr\/wp-content\/uploads\/2023\/10\/TETIERE-GENERALE-1-300x116.png 300w, https:\/\/www.cheques-cadeaux-vendee-bocage.fr\/wp-content\/uploads\/2023\/10\/TETIERE-GENERALE-1-768x296.png 768w, https:\/\/www.cheques-cadeaux-vendee-bocage.fr\/wp-content\/uploads\/2023\/10\/TETIERE-GENERALE-1.png 1500w\" sizes=\"auto, (max-width: 1024px) 100vw, 1024px\" \/><\/figure>\n\n\n\n<h2 class=\"wp-block-heading has-text-align-center\">Merci pour votre confiance :<\/h2>\n\n\n\n<hr class=\"wp-block-separator has-alpha-channel-opacity\"\/>\n\n\n\n<p class=\"has-text-align-center\">Merci pour votre confiance et votre participation \u00e0 l&rsquo;achat de Ch\u00e8ques Cadeaux pour vos salari\u00e9s. C&rsquo;est gr\u00e2ce \u00e0 vous que cette action a pu se d\u00e9velopper au fil des ans.<\/p>\n\n\n\n<p class=\"has-text-align-center\">&#8212;&#8212;<\/p>\n\n\n\n<figure class=\"wp-block-table\"><table class=\"has-fixed-layout\"><tbody><tr><td>2 LAYS CR\u00c9ATION &#8211; Pouzauges<\/td><\/tr><tr><td>A.D.M.R. MOUILLERON &#8211; La Ch\u00e2taigneraie<\/td><\/tr><tr><td>ADC PEINTURE &#8211; Chantonnay<\/td><\/tr><tr><td>ADV PEINTURES &#8211; Pouzauges<\/td><\/tr><tr><td>AMBULANCES GEAY-BELLION &#8211; Pouzauges<\/td><\/tr><tr><td>ANNELISE FLEURISTE &#8211; La Ch\u00e2taigneraie<\/td><\/tr><tr><td>ASSOCIATION DES ENTREPRISES DE POUZAUGES<\/td><\/tr><tr><td>AUX VENTS DES COULEURS &#8211; Chantonnay<\/td><\/tr><tr><td>BATY CHESSEBOEUF &#8211; La Ch\u00e2taigneraie<\/td><\/tr><tr><td>BEAUT\u00c9 INT\u00c9RIEURE &#8211; Chantonnay<\/td><\/tr><tr><td>BERNARD BOUTET CUISINES &#8211; La Ch\u00e2taigneraie<\/td><\/tr><tr><td>BIJOUTERIE CAILLAUD &#8211; Pouzauges et Chantonnay<\/td><\/tr><tr><td>BO TRAVAUX &#8211; La Ch\u00e2taigneraie<\/td><\/tr><tr><td>BOULANGERIE JOLLY &#8211; Pouzauges<\/td><\/tr><tr><td>BPO-VIE<\/td><\/tr><tr><td>CARR\u00c9 DAUPHIN &#8211; La Ch\u00e2taigneraie<\/td><\/tr><tr><td>CASSE-CROUTE VEND\u00c9EN &#8211; Pouzauges<\/td><\/tr><tr><td>CCAS DE LA CHATAIGNERAIE<\/td><\/tr><tr><td>CCAS DU PAYS DE POUZAUGES<\/td><\/tr><tr><td>CECI-MODE CHAUSSURES &#8211; Pouzauges<\/td><\/tr><tr><td>CFTFI &#8211; Pouzauges<\/td><\/tr><tr><td>CHANTONNAY &#8211; Mairie<\/td><\/tr><tr><td>COMIT\u00c9 D&rsquo;ENTENTE S\u00c8VREMONTAIN ARTISANS ET COMMER\u00c7ANTS<\/td><\/tr><tr><td>COMMUNAUT\u00c9 DE COMMUNES DU PAYS DE CHANTONNAY<\/td><\/tr><tr><td>COMMUNAUT\u00c9 DE COMMUNES DU PAYS DE LA CHATAIGNERAIE<\/td><\/tr><tr><td>COMMUNAUT\u00c9 DE COMMUNES DU PAYS DE POUZAUGES<\/td><\/tr><tr><td>CORDONNERIE ROSY &#8211; Chantonnay<\/td><\/tr><tr><td>COUTAND R\u00c9CUP\u00c9RATION &#8211; Pouzauges<\/td><\/tr><tr><td>CPIE S\u00c8VRE &amp; BOCAGE &#8211; Pouzauges<\/td><\/tr><tr><td>CR\u00c9DIT AGRICOLE<\/td><\/tr><tr><td>CR\u00c9DIT MUTUEL<\/td><\/tr><tr><td>CUISINES MOBALPA &#8211; La Ch\u00e2taigneraie<\/td><\/tr><tr><td>DE LA MODE &#8211; La Ch\u00e2taigneraie<\/td><\/tr><tr><td>DIXIT FACILE &#8211; Pouzauges<\/td><\/tr><tr><td>DURAND JONATHAN &#8211; Chantonnay<\/td><\/tr><tr><td>EARL PERROCHEAU &#8211; Pouzauges<\/td><\/tr><tr><td>EHPAD DES COLLINES &#8211; Pouzauges<\/td><\/tr><tr><td>EHPAD DU BON ACCUEIL &#8211; La Ch\u00e2taigneraie<\/td><\/tr><tr><td>FOOT &#8211; Chantonnay<\/td><\/tr><tr><td>FRUCHET IMMOBILIER &#8211; Chantonnay<\/td><\/tr><tr><td>GAEC LA PERDRIERE &#8211; Chantonnay<\/td><\/tr><tr><td>GAEC LA ROSE DES VENTS &#8211; Pouzauges<\/td><\/tr><tr><td>GAEC LES COLOMBES &#8211; La Ch\u00e2taigneraie<\/td><\/tr><tr><td>GARAGE DE LA MOZEE &#8211; Chantonnay<\/td><\/tr><tr><td>GAUTRON CONSTRUCTION &#8211; Chantonnay<\/td><\/tr><tr><td>GELOT THOMAS &#8211; Pouzauges<\/td><\/tr><tr><td>GUETT\u00c9 TP SAS &#8211; Pouzauges<\/td><\/tr><tr><td>HUB INNOVATION &#8211; Chantonnay<\/td><\/tr><tr><td>IMAGES&rsquo;IN &#8211; Pouzauges<\/td><\/tr><tr><td>IMPRIMERIE LIAIGRE &#8211; Pouzauges<\/td><\/tr><tr><td>INTENSITY &#8211; Chantonnay<\/td><\/tr><tr><td>JARDINERIE DE L&rsquo;\u00c9TOILE &#8211; Pouzauges<\/td><\/tr><tr><td>L&rsquo;ARTECOM &#8211; Pouzauges<\/td><\/tr><tr><td>L&rsquo;\u00c9TAPE DU COUREUR &#8211; La Ch\u00e2taigneraie<\/td><\/tr><tr><td>L&rsquo;OMNIBUS &#8211; Chantonnay<\/td><\/tr><tr><td>LA CAMPANULE &#8211; Pouzauges<\/td><\/tr><tr><td>LA PAUSE GOUT THE &#8211; La Ch\u00e2taigneraie<\/td><\/tr><tr><td>LE COMPTOIR DES VINS &#8211; La Ch\u00e2taigneraie<\/td><\/tr><tr><td>LE POULBOT PIZZERIA &#8211; Pouzauges<\/td><\/tr><tr><td>LE TEMPS D&rsquo;UNE COUPE &#8211; La Ch\u00e2taigneraie<\/td><\/tr><tr><td>LG BETON &#8211; Pouzauges<\/td><\/tr><tr><td>LIN\u00c9A VALLE COIFFURE &#8211; Chantonnay<\/td><\/tr><tr><td>LIONEL EECKMAN &#8211; AR\u00c9AS ASSURANCES &#8211; Pouzauges<\/td><\/tr><tr><td>LOGIDECOR &#8211; La Ch\u00e2taigneraie<\/td><\/tr><tr><td>LOIZEAU MENUISERIE &#8211; Chantonnay<\/td><\/tr><tr><td>Mairie &#8211; BAZOGES EN PAREDS<\/td><\/tr><tr><td>Mairie &#8211; LA CHATAIGNERAIE<\/td><\/tr><tr><td>Mairie &#8211; LA MEILLERAIE TILLAY<\/td><\/tr><tr><td>Mairie &#8211; LE BOUP\u00c8RE<\/td><\/tr><tr><td>Mairie &#8211; MONSIREIGNE<\/td><\/tr><tr><td>Mairie &#8211; POUZAUGES<\/td><\/tr><tr><td>Mairie &#8211; R\u00c9AUMUR<\/td><\/tr><tr><td>Mairie &#8211; SAINT MESMIN<\/td><\/tr><tr><td>Mairie &#8211; SAINT PROUANT<\/td><\/tr><tr><td>Mairie &#8211; S\u00c8VREMONT<\/td><\/tr><tr><td>Mairie &#8211; TALLUD SAINTE GEMME<\/td><\/tr><tr><td>MAISON FAMILIALE RURALE &#8211; Bournezeau<\/td><\/tr><tr><td>MAISON FAMILIALE RURALE &#8211; Pouzauges<\/td><\/tr><tr><td>MARRIUZA MENUISERIE &#8211; Pouzauges<\/td><\/tr><tr><td>MARYNELIS &#8211; La Ch\u00e2taigneraie<\/td><\/tr><tr><td>MATTHIEU PICOUT LAFOREST &#8211; AR\u00c9AS ASSURANCES &#8211; Pouzauges<\/td><\/tr><tr><td>MCR INDUSTRIE &#8211; Pouzauges<\/td><\/tr><tr><td>MECAPACK &#8211; Pouzauges<\/td><\/tr><tr><td>MENUISERIE BACLE &#8211; La Ch\u00e2taigneraie<\/td><\/tr><tr><td>MEUBLES ARTCOPY &#8211; La Ch\u00e2taigneraie<\/td><\/tr><tr><td>MEUBLES COUTURE &#8211; La Ch\u00e2taigneraie<\/td><\/tr><tr><td>MGM MICKAEL GILBERT &#8211; Chantonnay<\/td><\/tr><tr><td>MICRO CRECHE L&rsquo;\u00c9VEIL DES LUCIOLES &#8211; Pouzauges<\/td><\/tr><tr><td>MIEE ELECTRICIT\u00c9 &#8211; Pouzauges<\/td><\/tr><tr><td>MUTUELLES DE POITIERS &#8211; La Ch\u00e2taigneraie<\/td><\/tr><tr><td>O CORALIE &#8211; La Ch\u00e2taigneraie<\/td><\/tr><tr><td>OFFICE DE TOURISME DU PAYS DE POUZAUGES<\/td><\/tr><tr><td>OPTIMOBI &#8211; Pouzauges<\/td><\/tr><tr><td>OSI INFORMATIQUE &#8211; Pouzauges<\/td><\/tr><tr><td>PHILDAR &#8211; La Ch\u00e2taigneraie<\/td><\/tr><tr><td>PIG JARO SAS &#8211; Pouzauges<\/td><\/tr><tr><td>POMPES FUNEBRES GEAY SARRAZIN &#8211; Pouzauges<\/td><\/tr><tr><td>POUZAUGES VEND\u00c9E HAND BALL<\/td><\/tr><tr><td>RIPAUD PEPINIERES &#8211; La Ch\u00e2taigneraie<\/td><\/tr><tr><td>RJ PLATRES &#8211; Pouzauges<\/td><\/tr><tr><td>ROBIN TECHNOLOGIES &#8211; Chantonnay<\/td><\/tr><tr><td>ROLAND V\u00c9LOS &#8211; Chantonnay<\/td><\/tr><tr><td>SARL BELAUD GILDAS &#8211; La Ch\u00e2taigneraie<\/td><\/tr><tr><td>SARL BOUTET &#8211; La Ch\u00e2taigneraie<\/td><\/tr><tr><td>SCES ELECTRICIT\u00c9 CHAUFFAGE &#8211; Pouzauges<\/td><\/tr><tr><td>SONIA N&rsquo;COIFF &#8211; Pouzauges<\/td><\/tr><tr><td>SORAP GARAGE CITROEN &#8211; Pouzauges<\/td><\/tr><tr><td>SOULARD DIDIER &#8211; Pouzauges<\/td><\/tr><tr><td>SUPER U &#8211; Pouzauges<\/td><\/tr><tr><td>SYGEC &#8211; Chantonnay<\/td><\/tr><tr><td>TALBOT MONCEAU ASSURANCES &#8211; Chantonnay<\/td><\/tr><tr><td>TALLINEAU EMBALLAGE&nbsp;&nbsp;&#8211; Chantonnay<\/td><\/tr><tr><td>TRANSPORTS SCOLAIRE &#8211; Pouzauges<\/td><\/tr><tr><td>UCAB BOUPERE &#8211; Pouzauges<\/td><\/tr><tr><td>VEND\u00c9E D\u00c9COUPE LASER &#8211; Pouzauges<\/td><\/tr><\/tbody><\/table><\/figure>\n","protected":false},"excerpt":{"rendered":"<p>Merci pour votre confiance : Merci pour votre confiance et votre participation \u00e0 l&rsquo;achat de Ch\u00e8ques Cadeaux pour vos salari\u00e9s. C&rsquo;est gr\u00e2ce \u00e0 vous que cette action a pu se d\u00e9velopper au fil des ans. &#8212;&#8212; 2 LAYS CR\u00c9ATION &#8211; Pouzauges A.D.M.R. MOUILLERON &#8211; La Ch\u00e2taigneraie ADC PEINTURE &#8211; Chantonnay ADV PEINTURES &#8211; Pouzauges AMBULANCES [&hellip;]<\/p>\n","protected":false},"author":1,"featured_media":0,"parent":0,"menu_order":0,"comment_status":"closed","ping_status":"closed","template":"","meta":{"_themeisle_gutenberg_block_has_review":false,"footnotes":""},"class_list":["post-658","page","type-page","status-publish","hentry"],"yoast_head":"<!-- This site is optimized with the Yoast SEO plugin v21.5 - https:\/\/yoast.com\/wordpress\/plugins\/seo\/ -->\n<title>Ils nous font confiance... - Ch\u00e8ques Cadeaux Vend\u00e9e Bocage<\/title>\n<meta name=\"description\" content=\"Liste des entreprises, associations et collectivit\u00e9s qui ont achet\u00e9s des Ch\u00e8ques Cadeaux Vend\u00e9e bocage pour leurs salari\u00e9s, membres ou agents\" \/>\n<meta name=\"robots\" content=\"index, follow, max-snippet:-1, max-image-preview:large, max-video-preview:-1\" \/>\n<link rel=\"canonical\" href=\"https:\/\/www.cheques-cadeaux-vendee-bocage.fr\/index.php\/ils-nous-font-confiance\/\" \/>\n<meta property=\"og:locale\" content=\"fr_FR\" \/>\n<meta property=\"og:type\" content=\"article\" \/>\n<meta property=\"og:title\" content=\"Ils nous font confiance... - Ch\u00e8ques Cadeaux Vend\u00e9e Bocage\" \/>\n<meta property=\"og:description\" content=\"Liste des entreprises, associations et collectivit\u00e9s qui ont achet\u00e9s des Ch\u00e8ques Cadeaux Vend\u00e9e bocage pour leurs salari\u00e9s, membres ou agents\" \/>\n<meta property=\"og:url\" content=\"https:\/\/www.cheques-cadeaux-vendee-bocage.fr\/index.php\/ils-nous-font-confiance\/\" \/>\n<meta property=\"og:site_name\" content=\"Ch\u00e8ques Cadeaux Vend\u00e9e Bocage\" \/>\n<meta property=\"article:modified_time\" content=\"2025-01-10T11:19:24+00:00\" \/>\n<meta property=\"og:image\" content=\"https:\/\/www.cheques-cadeaux-vendee-bocage.fr\/wp-content\/uploads\/2023\/10\/TETIERE-GENERALE-1-1024x395.png\" \/>\n<meta name=\"twitter:card\" content=\"summary_large_image\" \/>\n<meta name=\"twitter:label1\" content=\"Dur\u00e9e de lecture estim\u00e9e\" \/>\n\t<meta name=\"twitter:data1\" content=\"3 minutes\" \/>\n<script type=\"application\/ld+json\" class=\"yoast-schema-graph\">{\"@context\":\"https:\/\/schema.org\",\"@graph\":[{\"@type\":\"WebPage\",\"@id\":\"https:\/\/www.cheques-cadeaux-vendee-bocage.fr\/index.php\/ils-nous-font-confiance\/\",\"url\":\"https:\/\/www.cheques-cadeaux-vendee-bocage.fr\/index.php\/ils-nous-font-confiance\/\",\"name\":\"Ils nous font confiance... - Ch\u00e8ques Cadeaux Vend\u00e9e Bocage\",\"isPartOf\":{\"@id\":\"https:\/\/www.cheques-cadeaux-vendee-bocage.fr\/#website\"},\"datePublished\":\"2023-11-13T15:31:50+00:00\",\"dateModified\":\"2025-01-10T11:19:24+00:00\",\"description\":\"Liste des entreprises, associations et collectivit\u00e9s qui ont achet\u00e9s des Ch\u00e8ques Cadeaux Vend\u00e9e bocage pour leurs salari\u00e9s, membres ou agents\",\"breadcrumb\":{\"@id\":\"https:\/\/www.cheques-cadeaux-vendee-bocage.fr\/index.php\/ils-nous-font-confiance\/#breadcrumb\"},\"inLanguage\":\"fr-FR\",\"potentialAction\":[{\"@type\":\"ReadAction\",\"target\":[\"https:\/\/www.cheques-cadeaux-vendee-bocage.fr\/index.php\/ils-nous-font-confiance\/\"]}]},{\"@type\":\"BreadcrumbList\",\"@id\":\"https:\/\/www.cheques-cadeaux-vendee-bocage.fr\/index.php\/ils-nous-font-confiance\/#breadcrumb\",\"itemListElement\":[{\"@type\":\"ListItem\",\"position\":1,\"name\":\"Accueil\",\"item\":\"https:\/\/www.cheques-cadeaux-vendee-bocage.fr\/\"},{\"@type\":\"ListItem\",\"position\":2,\"name\":\"Ils nous font confiance&#8230;\"}]},{\"@type\":\"WebSite\",\"@id\":\"https:\/\/www.cheques-cadeaux-vendee-bocage.fr\/#website\",\"url\":\"https:\/\/www.cheques-cadeaux-vendee-bocage.fr\/\",\"name\":\"Ch\u00e8ques Cadeaux Vend\u00e9e Bocage\",\"description\":\"100% Local et Lien Social...\",\"potentialAction\":[{\"@type\":\"SearchAction\",\"target\":{\"@type\":\"EntryPoint\",\"urlTemplate\":\"https:\/\/www.cheques-cadeaux-vendee-bocage.fr\/?s={search_term_string}\"},\"query-input\":\"required name=search_term_string\"}],\"inLanguage\":\"fr-FR\"}]}<\/script>\n<!-- \/ Yoast SEO plugin. -->","yoast_head_json":{"title":"Ils nous font confiance... - Ch\u00e8ques Cadeaux Vend\u00e9e Bocage","description":"Liste des entreprises, associations et collectivit\u00e9s qui ont achet\u00e9s des Ch\u00e8ques Cadeaux Vend\u00e9e bocage pour leurs salari\u00e9s, membres ou agents","robots":{"index":"index","follow":"follow","max-snippet":"max-snippet:-1","max-image-preview":"max-image-preview:large","max-video-preview":"max-video-preview:-1"},"canonical":"https:\/\/www.cheques-cadeaux-vendee-bocage.fr\/index.php\/ils-nous-font-confiance\/","og_locale":"fr_FR","og_type":"article","og_title":"Ils nous font confiance... - Ch\u00e8ques Cadeaux Vend\u00e9e Bocage","og_description":"Liste des entreprises, associations et collectivit\u00e9s qui ont achet\u00e9s des Ch\u00e8ques Cadeaux Vend\u00e9e bocage pour leurs salari\u00e9s, membres ou agents","og_url":"https:\/\/www.cheques-cadeaux-vendee-bocage.fr\/index.php\/ils-nous-font-confiance\/","og_site_name":"Ch\u00e8ques Cadeaux Vend\u00e9e Bocage","article_modified_time":"2025-01-10T11:19:24+00:00","og_image":[{"url":"https:\/\/www.cheques-cadeaux-vendee-bocage.fr\/wp-content\/uploads\/2023\/10\/TETIERE-GENERALE-1-1024x395.png"}],"twitter_card":"summary_large_image","twitter_misc":{"Dur\u00e9e de lecture estim\u00e9e":"3 minutes"},"schema":{"@context":"https:\/\/schema.org","@graph":[{"@type":"WebPage","@id":"https:\/\/www.cheques-cadeaux-vendee-bocage.fr\/index.php\/ils-nous-font-confiance\/","url":"https:\/\/www.cheques-cadeaux-vendee-bocage.fr\/index.php\/ils-nous-font-confiance\/","name":"Ils nous font confiance... - Ch\u00e8ques Cadeaux Vend\u00e9e Bocage","isPartOf":{"@id":"https:\/\/www.cheques-cadeaux-vendee-bocage.fr\/#website"},"datePublished":"2023-11-13T15:31:50+00:00","dateModified":"2025-01-10T11:19:24+00:00","description":"Liste des entreprises, associations et collectivit\u00e9s qui ont achet\u00e9s des Ch\u00e8ques Cadeaux Vend\u00e9e bocage pour leurs salari\u00e9s, membres ou agents","breadcrumb":{"@id":"https:\/\/www.cheques-cadeaux-vendee-bocage.fr\/index.php\/ils-nous-font-confiance\/#breadcrumb"},"inLanguage":"fr-FR","potentialAction":[{"@type":"ReadAction","target":["https:\/\/www.cheques-cadeaux-vendee-bocage.fr\/index.php\/ils-nous-font-confiance\/"]}]},{"@type":"BreadcrumbList","@id":"https:\/\/www.cheques-cadeaux-vendee-bocage.fr\/index.php\/ils-nous-font-confiance\/#breadcrumb","itemListElement":[{"@type":"ListItem","position":1,"name":"Accueil","item":"https:\/\/www.cheques-cadeaux-vendee-bocage.fr\/"},{"@type":"ListItem","position":2,"name":"Ils nous font confiance&#8230;"}]},{"@type":"WebSite","@id":"https:\/\/www.cheques-cadeaux-vendee-bocage.fr\/#website","url":"https:\/\/www.cheques-cadeaux-vendee-bocage.fr\/","name":"Ch\u00e8ques Cadeaux Vend\u00e9e Bocage","description":"100% Local et Lien Social...","potentialAction":[{"@type":"SearchAction","target":{"@type":"EntryPoint","urlTemplate":"https:\/\/www.cheques-cadeaux-vendee-bocage.fr\/?s={search_term_string}"},"query-input":"required name=search_term_string"}],"inLanguage":"fr-FR"}]}},"_links":{"self":[{"href":"https:\/\/www.cheques-cadeaux-vendee-bocage.fr\/index.php\/wp-json\/wp\/v2\/pages\/658","targetHints":{"allow":["GET"]}}],"collection":[{"href":"https:\/\/www.cheques-cadeaux-vendee-bocage.fr\/index.php\/wp-json\/wp\/v2\/pages"}],"about":[{"href":"https:\/\/www.cheques-cadeaux-vendee-bocage.fr\/index.php\/wp-json\/wp\/v2\/types\/page"}],"author":[{"embeddable":true,"href":"https:\/\/www.cheques-cadeaux-vendee-bocage.fr\/index.php\/wp-json\/wp\/v2\/users\/1"}],"replies":[{"embeddable":true,"href":"https:\/\/www.cheques-cadeaux-vendee-bocage.fr\/index.php\/wp-json\/wp\/v2\/comments?post=658"}],"version-history":[{"count":16,"href":"https:\/\/www.cheques-cadeaux-vendee-bocage.fr\/index.php\/wp-json\/wp\/v2\/pages\/658\/revisions"}],"predecessor-version":[{"id":893,"href":"https:\/\/www.cheques-cadeaux-vendee-bocage.fr\/index.php\/wp-json\/wp\/v2\/pages\/658\/revisions\/893"}],"wp:attachment":[{"href":"https:\/\/www.cheques-cadeaux-vendee-bocage.fr\/index.php\/wp-json\/wp\/v2\/media?parent=658"}],"curies":[{"name":"wp","href":"https:\/\/api.w.org\/{rel}","templated":true}]}}